ive of 7*i**5/60 + i**4/12 - 10*i**2. What is the tens digit of q(-2)?
2
Suppose 4*n - 2*s - 24 = 0, 3 - 5 = -2*n - 4*s. What is the units digit of n?
5
Let j(s) = 41*s - 45. What is the units digit of j(4)?
9
Suppose -240 = 2*w + w. What is the tens digit of (-3)/(5/(w/3))?
1
Suppose 5*i - 176 = -66. What is the units digit of i?
2
Let y be (-20)/8*8/(-5). Suppose -6*p = -2*p - y*z - 140, -4*z = 5*p - 184. Let k = p - 20. What is the units digit of k?
6
Let x(g) = -12*g**2 - 2*g + 1. Let r be x(1). Let k = r + 21. What is the units digit of k?
8
Suppose 3*m + 46 + 20 = 3*j, -3*j + 4*m + 69 = 0. Let s(l) = -l**2 + 20*l - 2. What is the units digit of s(j)?
7
Suppose 0 = 3*r - 165 + 15. What is the tens digit of r?
5
Let w be ((-4)/3)/((-1)/3). Suppose 2*r + 0*d - 20 = 5*d, -3*d = -4*r + 12. Let t = w + r. What is the units digit of t?
4
Let d be 14 - 0*1/2. Let u = -10 + d. Suppose 12 = 3*s - 3*t, 0*s = -u*s + 2*t + 22. What is the units digit of s?
7
Suppose -6*n = -1156 + 214. What is the units digit of n?
7
Let w be 2/(-3) - (-1)/(-3). Let l be (-4)/4 + w + 4. Suppose -5*g + 47 = 4*p, l*g + 4*p - 2 - 12 = 0. What is the units digit of g?
1
Let c(h) be the first derivative of h**2/2 + 19*h + 2. What is the units digit of c(0)?
9
Suppose -b = 3*b - 20. Suppose -3*k = -5*g + g + 4, b*g = 5*k. What is the units digit of 21/(-1 + 10/k)?
4
Suppose 3*t = 7*t - 16. What is the tens digit of 7562/171 + t/(-18)?
4
Let g(k) = 35*k**2 + 2*k - 1. What is the units digit of g(1)?
6
Suppose -5*t = -2*t - 195. What is the units digit of t?
5
Suppose -10*p + 3*p + 819 = 0. What is the tens digit of p?
1
Let h(d) = d**3 + 5*d**2 + 3*d - 1. Let c = -4 + 0. Let v be h(c). Let b(n) = -n**2 + 7*n - 3. What is the units digit of b(v)?
9
Suppose -49 = 2*f - 117. Suppose -5*c + 51 = -3*r + 2*r, 0 = 2*c + 3*r - f. Suppose 0 = -3*x + 15, 2*j - 4*x + x + c = 0. What is the units digit of j?
2
Suppose 0 = 2*i - 4*i + 4. Suppose 0 = -i*a + 17 + 25. Suppose -2*l = -a - 7. What is the units digit of l?
4
Let j(o) be the third derivative of -o**6/120 - o**5/15 - 7*o**3/6 - 2*o**2. Let l be j(-5). Suppose -5*p + 68 = l. What is the units digit of p?
0
Suppose -3*i - 31 = -3*r + 2*r, 3*r + 4*i - 119 = 0. What is the units digit of r?
7
Let w be 2/3 - (-1)/3. Let i = 3 - w. Suppose t = -i*n + 5, t + 27 = 3*n - 4*t. What is the units digit of n?
4
Let x = 37 + -4. What is the tens digit of (-4)/(-3) + 1375/x?
4
Let k be (-22)/(-33)*102/4. Let o = k - 0. What is the units digit of o?
7
Suppose 13*c = 7*c + 624. What is the hundreds digit of c?
1
Let m(k) = -4*k + 3. Let x be 2/(-5) + 32/5. Let v(t) = -11*t + 8. Let i(n) = x*v(n) - 17*m(n). What is the units digit of i(4)?
5
Let s be 2/6 - (-52)/(-12). Let u = s - -11. What is the units digit of u?
7
Let l = -6 + 9. Suppose -3*c = l*f + 3, 5*f - 2*c + 3*c - 11 = 0. What is the tens digit of (-1 + f)/(1/5)?
1
Let y = -2 - -4. Let g(c) = 2 + c - y*c + 5. What is the units digit of g(3)?
4
Suppose -2*u = -5*a + 16, 0 = -3*u + 5*a - 0*a - 24. Let q be 36/u + (-1)/(-2). What is the units digit of (-14)/q - 6/4?
2
Suppose -t = -2*t - 1. Let s(x) = -3*x - 1. Let v be s(t). Suppose v*w - 7 = 9. What is the units digit of w?
8
Let k = -45 + 25. Let x = k - -39. Let o = -8 + x. What is the units digit of o?
1
Let x(g) = -31*g**3 - g**2 + 2*g + 2. Suppose 7 = j + 3*o + 2, -j - 5*o + 9 = 0. What is the units digit of x(j)?
0
Suppose -59 = -0*o - 2*o + 5*l, 0 = -o - 4*l - 3. What is the units digit of o?
7
What is the tens digit of 186*1/12*4?
6
What is the units digit of (12 + -13)*5/(-1)?
5
Let i be (-64)/2 + 2/1. Let k be (i/(-18))/(1/3). Suppose -y - u + 27 = -k*u, 0 = 5*y + 2*u - 47. What is the tens digit of y?
1
Let i = 39 - -102. What is the tens digit of i?
4
Let f = 1 + -1. Let w(l) = l. Let m be w(f). What is the units digit of 0/2 + m - -4?
4
Suppose -p - 8 = -5*p. Let d be -2 - (-4 - 0)/p. Suppose -3*t + c + 5 = 0, 2*c = 3*t - d - 4. What is the units digit of t?
2
Suppose 5*a + 54 = 7*a. What is the tens digit of a?
2
Let r = -15 - -54. What is the tens digit of r?
3
Let l = -3 - -3. Let a(c) = -4*c**2 + 7 + c**2 + 2*c**2. What is the units digit of a(l)?
7
Let k(q) be the third derivative of -q**5/60 - q**4/24 + 17*q**3/6 - 4*q**2. What is the tens digit of k(0)?
1
Let x(s) = 7*s**2 + 21*s - 8. Let p(f) = -4*f**2 - 11*f + 4. Let z(c) = 5*p(c) + 3*x(c). Let y be z(-9). Suppose y = -5*j + 70. What is the tens digit of j?
1
What is the tens digit of -2 + 3/((-3)/(-34))?
3
Suppose 0 = -q - 4 - 2. Let j be 98/(-6) + (-2)/q. Let t = 29 + j. What is the tens digit of t?
1
Let c = -2 - -8. What is the units digit of (-2)/(-5) + c/10?
1
What is the units digit of 4/10 + (-1372)/(-20)?
9
Let x = -3 - -15. Suppose 0 = -0*j - 2*j + x. Suppose -c - c = -j. What is the units digit of c?
3
Let o = -4 + 4. Suppose -r + x = 5, 4*r + x + 20 = -o*r. Let g(u) = -u**2 - 6*u + 4. What is the units digit of g(r)?
9
Let s = 65 + -46. Let m = s - -23. What is the units digit of m?
2
Suppose 0 = -4*t + 5*p + 117, t = -p - 0*p + 27. What is the units digit of t?
8
Let r be 20/(-6)*9/(-6). Suppose -5*i + 3*l + 39 = -0*l, 2*l - 49 = -r*i. What is the units digit of i?
9
What is the units digit of (-3)/4 - (-22)/8?
2
Suppose 2*f - 61 = 89. What is the tens digit of f?
7
Let v = -19 + 276. What is the units digit of v?
7
Let l(o) = 2*o**2 - 11*o + 1. Let k be l(6). Let m(h) = -h**3 + 7*h**2 + 3*h + 4. What is the units digit of m(k)?
5
Suppose -f + 28 + 40 = 0. Suppose 0 = 3*p - 64 - f. What is the tens digit of p?
4
Let c be (-8)/(-8) + 0/2. Suppose -2*u + 37 = -c. What is the units digit of u?
9
Let d = 169 + -102. What is the units digit of d?
7
Let v(w) = w**2 - 5*w + 8. Let s = 1 - -5. What is the units digit of v(s)?
4
Suppose -5 = y - 1. Let d be 8/(-10)*150/y. What is the units digit of (8/10)/(3/d)?
8
Suppose t - 3*f = 6*t - 26, -5*t - 2*f = -29. Let g(j) = j + 10. What is the units digit of g(t)?
7
Let h(s) = 3*s - 13. What is the units digit of h(24)?
9
Let r(p) = p**2 - p + 2. Let k be r(0). Suppose k = 4*q + 2*l, 3*l - 1 = -4*q - 4. What is the units digit of q?
3
Suppose 0 = -3*t - 5*h + 285, 7*t - 3*t - 409 = 3*h. What is the hundreds digit of t?
1
Let a(n) = -n**3 - 5*n**2 - 5*n + 4. What is the units digit of a(-4)?
8
Let k(g) = -10*g - 4. Let x be k(-5). Suppose -2*j - 2*w = -x, -j + 4*w = -0*w - 38. What is the tens digit of j?
2
Let a = -23 + 80. What is the units digit of a?
7
Suppose 4*m - 2*b - 2*b - 124 = 0, 0 = -m - 3*b + 23. Suppose 0*h - m = -h. What is the tens digit of h?
2
Let z(s) = -s**2 + 19*s - 29. What is the tens digit of z(15)?
3
Let u(g) = 5*g**2 + g - 2. Let m be u(-2). What is the units digit of 2 - m/(2*-1)?
0
Let n = 118 - 48. What is the units digit of n?
0
Let w = -15 + 42. What is the tens digit of w?
2
Let g = 19 - 80. Let n = -33 - g. Suppose 2*k - n = -4*a, -5*a = 5*k - 2*k - 36. What is the units digit of a?
6
Let k(v) be the first derivative of 4 - 21*v - 3 + v**2 + 9*v. What is the units digit of k(10)?
8
Let n = 0 - 2. What is the tens digit of (-55)/n*24/20?
3
Suppose -5*a - 3*o = -12, 5*a = o - 0*o + 16. Suppose h + 5*q + 11 = 0, a*h - 16 - 7 = -q. What is the units digit of 36/27*h/2?
6
Let v(h) = h**3 + h - 43. Let k be v(0). Let g = 76 + k. What is the tens digit of g?
3
Let l(j) = -j**2 - 7*j - 6. Suppose 2 + 2 = -a. Let t be l(a). Suppose -2*z - t + 22 = 0. What is the units digit of z?
8
Let i be (-4)/(-3)*9/6. Let y = 9 - i. What is the units digit of y?
7
Let a(j) = -7 + 1 - 6*j**2 + 0 - 6*j + j**3. Let o be a(7). Let t = o - 0. What is the units digit of t?
1
Suppose 3*w + 2 = -7. Let d = w - -12. What is the units digit of d?
9
Suppose 0 = -2*m + 14 + 6. Let c be (-1 + 2)*(-5)/(-1). Let b = m - c. What is the units digit of b?
5
Let b be 0 - (-2 - -2 - -4). Let j(n) = -n + 1. What is the units digit of j(b)?
5
Let m = -47 + 108. What is the units digit of m?
1
Suppose -1080 = -11*r + r. What is the hundreds digit of r?
1
Let f = 127 + -60. What is the units digit of f?
7
Let h = 6 - 1. Suppose 4*m - h*b + 40 = 224, 3*b = -m + 46. What is the units digit of m?
6
Let i(w) = w**2 - 11*w - 14. What is the units digit of i(-7)?
2
What is the tens digit of (451/11)/(1 - 0)?
4
Let p = 72 + 38. Wh